62?
6
Calculate the remainder when 359313 is divided by 3528.
2985
Calculate the remainder when 276277 is divided by 137874.
529
Calculate the remainder when 6853946 is divided by 3426971.
4
What is the remainder when 460596162 is divided by 15?
12
What is the remainder when 15103759 is divided by 1110?
1099
What is the remainder when 486214 is divided by 486034?
180
What is the remainder when 4541199 is divided by 42?
33
What is the remainder when 233423269 is divided by 15182?
19
What is the remainder when 123076809 is divided by 1282050?
9
What is the remainder when 102111 is divided by 1245?
21
Calculate the remainder when 2441288 is divided by 2671.
2665
What is the remainder when 227779 is divided by 45538?
89
Calculate the remainder when 730746 is divided by 958.
750
Calculate the remainder when 7684920 is divided by 902.
782
Calculate the remainder when 335744 is divided by 781.
695
Calculate the remainder when 31305918 is divided by 110.
28
Calculate the remainder when 737759 is divided by 29510.
9
Calculate the remainder when 7260303 is divided by 7008.
15
What is the remainder when 1680457 is divided by 840227?
3
What is the remainder when 417238764 is divided by 2945?
2944
Calculate the remainder when 66413 is divided by 1707.
1547
Calculate the remainder when 4921308 is divided by 4921254.
54
What is the remainder when 230185347 is divided by 1717801?
13
What is the remainder when 43029 is divided by 20589?
1851
What is the remainder when 580842 is divided by 4117?
345
Calculate the remainder when 13544965 is divided by 300999.
10
What is the remainder when 3264028 is divided by 157?
155
Calculate the remainder when 78148 is divided by 181.
137
What is the remainder when 32668249 is divided by 1474?
1461
What is the remainder when 15213 is divided by 1897?
37
What is the remainder when 1350050096 is divided by 1193?
1190
Calculate the remainder when 3517718 is divided by 7268.
6
What is the remainder when 181523 is divided by 60454?
161
Calculate the remainder when 14624276 is divided by 19.
14
Calculate the remainder when 44985901 is divided by 258.
247
Calculate the remainder when 17699 is divided by 8746.
207
What is the remainder when 48829 is divided by 16258?
55
What is the remainder when 4923 is divided by 302?
91
What is the remainder when 1337919518 is divided by 40?
38
What is the remainder when 21664 is divided by 22?
16
Calculate the remainder when 1447355 is divided by 1447346.
9
What is the remainder when 43500 is divided by 55?
50
What is the remainder when 68323 is divided by 15859?
4887
What is the remainder when 99291 is divided by 227?
92
Calculate the remainder when 71113031 is divided by 18.
17
What is the remainder when 119033 is divided by 273?
5
What is the remainder when 66635 is divided by 975?
335
Calculate the remainder when 558546 is divided by 46519.
318
Calculate the remainder when 546716 is divided by 273354.
8
What is the remainder when 863665 is divided by 166?
133
What is the remainder when 25841827 is divided by 17712?
19
Calculate the remainder when 4313504 is divided by 979.
30
What is the remainder when 639262 is divided by 319364?
534
What is the remainder when 1790550 is divided by 2457?
1854
What is the remainder when 77265 is divided by 38443?
379
Calculate the remainder when 16531451 is divided by 590406.
83
What is the remainder when 2054608 is divided by 38766?
10
Calculate the remainder when 181912 is divided by 144.
40
What is the remainder when 1124609 is divided by 174?
47
What is the remainder when 864900 is divided by 242?
234
Calculate the remainder when 267679 is divided by 377.
9
What is the remainder when 227398 is divided by 113661?
76
What is the remainder when 574261 is divided by 13672?
37
What is the remainder when 1534416 is divided by 2011?
23
What is the remainder when 28491508 is divided by 19007?
15
Calculate the remainder when 5585795 is divided by 60.
35
Calculate the remainder when 34429987 is divided by 82.
73
What is the remainder when 14558 is divided by 12784?
1774
Calculate the remainder when 17610 is divided by 5858.
36
Calculate the remainder when 237973 is divided by 369.
337
Calculate the remainder when 13975280 is divided by 286.
176
What is the remainder when 25448145 is divided by 595?
590
Calculate the remainder when 256887 is divided by 52.
7
Calculate the remainder when 170457 is divided by 50.
7
Calculate the remainder when 60831501 is divided by 12159.
24
Calculate the remainder when 1158699 is divided by 386232.
3
Calculate the remainder when 29357 is divided by 399.
230
Calculate the remainder when 140280523 is divided by 297.
295
Calculate the remainder when 35247 is divided by 33608.
1639
What is the remainder when 462933 is divided by 351?
315
Calculate the remainder when 43040018 is divided by 61.
4
What is the remainder when 1457636 is divided by 2680?
2396
What is the remainder when 9991746 is divided by 202?
18
Calculate the remainder when 99996804 is divided by 2789.
2787
Calculate the remainder when 1383858 is divided by 44.
14
What is the remainder when 207942 is divided by 68979?
1005
Calculate the remainder when 614268035 is divided by 17.
14
Calculate the remainder when 440755 is divided by 3738.
3409
What is the remainder when 10295976 is divided by 411839?
1
Calculate the remainder when 107476694 is divided by 18.
8
What is the remainder when 24921762 is divided by 1634?
1628
What is the remainder when 689970 is divided by 3533?
1035
Calculate the remainder when 408493 is divided by 6588.
37
What is the remainder when 609356 is divided by 299545?
10266
Calculate the remainder when 90675392 is divided by 1213.
3
Calculate the remainder when 5758205 is divided by 1439515.
145
What is the remainder when 1928790 is divided by 275519?
157
Calculate the remainder when 93117711 is divided by 107900.
11
Calculate the remainder when 12828815 is divided by 176.
175
Calculate the remainder when 4003906 is divided by 3876.
3874
Calculate the remainder when 479338 is divided by 579.
505
Calculate the remainder when 5491439 is divided by 602.
597
Calculate the remainder when 1182312 is divided by 5473.
144
Calculate the remainder when 1384400 is divided by 8148.
7388
What is the remainder when 141315 is divided by 211?
156
Calculate the remainder when 1502182 is divided by 4511.
19
Calculate the remainder when 18761 is divided by 2714.
2477
What is the remainder when 46204967 is divided by 15?
2
What is the remainder when 121915 is divided by 540?
415
What is the remainder when 65602 is divided by 944?
466
Calculate the remainder when 107207 is divided by 67.
7
Calculate the remainder when 84354536 is divided by 57.
8
Calculate the remainder when 4861699 is divided by 4.
3
What is the remainder when 5532844 is divided by 89237?
150
What is the remainder when 47773480 is divided by 1235?
1210
Calculate the remainder when 4711102 is divided by 1032.
22
What is the remainder when 269065 is divided by 39?
4
Calculate the remainder when 789584 is divided by 41557.
1
What is the remainder when 8996151 is divided by 160?
151
Calculate the remainder when 826589 is divided by 3420.
2369
What is the remainder when 79595996 is divided by 1650?
1646
Calculate the remainder when 43401922 is divided by 300.
22
What is the remainder when 1845630 is divided by 12904?
358
What is the remainder when 2682880 is divided by 537?
28
Calculate the remainder when 8972366 is divided by 55.
51
What is the remainder when 16709 is divided by 4565?
3014
Calculate the remainder when 3229753 is divided by 26.
7
What is the remainder when 302959 is divided by 19423?
11614
Calculate the remainder when 57623 is divided by 4780.
263
What is the remainder when 35363565 is divided by 48?
45
What is the remainder when 156253 is divided by 3431?
1858
What is the remainder when 16300081 is divided by 58?
51
What is the remainder when 8894826 is divided by 534?
522
What is the remainder when 18502 is divided by 17367?
1135
Calculate the remainder when 235242137 is divided by 1897114.
1
What is the remainder when 773641 is divided by 154656?
361
Calculate the remainder when 3283695 is divided by 11.
8
Calculate the remainder when 36189435 is divided by 3136.
3131
Calculate the re